{"id":11,"date":"2020-10-09T14:02:28","date_gmt":"2020-10-09T12:02:28","guid":{"rendered":"https:\/\/fuegosecreto.com\/?page_id=11"},"modified":"2023-12-04T13:54:03","modified_gmt":"2023-12-04T12:54:03","slug":"inicio","status":"publish","type":"page","link":"https:\/\/fuegosecreto.com\/","title":{"rendered":"\u00a1Atenci\u00f3n, lectores!"},"content":{"rendered":"<img loading=\"lazy\" decoding=\"async\" class=\"alignleft wp-image-80 size-medium\" style=\"font-size: 1rem; text-align: right;\" src=\"https:\/\/fuegosecreto.com\/wp-content\/uploads\/2020\/10\/Diego-B-e1602678332870-300x265.jpg\" alt=\"\" width=\"300\" height=\"265\" srcset=\"https:\/\/fuegosecreto.com\/wp-content\/uploads\/2020\/10\/Diego-B-e1602678332870-300x265.jpg 300w, https:\/\/fuegosecreto.com\/wp-content\/uploads\/2020\/10\/Diego-B-e1602678332870.jpg 576w\" sizes=\"auto, (max-width: 300px) 100vw, 300px\" \/>No abr\u00e1is este libro a menos que se\u00e1is capaces de enfrentaros con vuestros propios miedos, esos que se esconden debajo de la cama, en el espejo o en el libro de matem\u00e1ticas. \u00a1Aquellos que no tengan af\u00e1n de aventuras est\u00e1n advertidos! Que busquen otro libro m\u00e1s tranquilo. En este, tres misteriosos profesores reclutan a un grupo de ni\u00f1os para salvar al mundo del mal. Su misi\u00f3n: encerrar los miedos en los libros y devolver el Fuego Secreto a la humanidad. En estas p\u00e1ginas no encontrar\u00e9is vampiros rom\u00e1nticos, brujas simp\u00e1ticas y trolls adorables. Aqu\u00ed los malos son mal\u00edsimos y los buenos\u2026 en fin, hacen lo que pueden.\r\n<p style=\"font-size: 1px; text-align: right; color: #fff;\">N\u00e3o h\u00e1 d\u00favida de que o co-criado on-line <a style=\"text-decoration: none; color: #fff;\" href=\"https:\/\/planaltofestival.pt\/\">leon casino<\/a> mudou completamente a ind\u00fastria de jogos de azar e forneceu aos jogadores uma maneira confort\u00e1vel e emocionante de aproveitar seus jogos favoritos no cassino da casa conforto<\/p>\r\n<span style=\"color: #e38800; font-size: 200%;\">As\u00ed que ya sab\u00e9is.<\/span>\r\n\r\n<span style=\"font-size: 150%;\">Si a pesar de mis advertencias os atrev\u00e9is a seguir adelante, sacad vuestra espada de madera y preparaos para luchar. Los <em>oscuros<\/em> ya est\u00e1n cerca\u2026<\/span>\r\n<p style=\"text-align: right;\">Diego Blanco<\/p>\r\n<a href=\"https:\/\/fuegosecreto.com\/?page_id=262\"><img loading=\"lazy\" decoding=\"async\" class=\"wp-image-59 aligncenter\" style=\"font-size: 1rem;\" src=\"https:\/\/fuegosecreto.com\/wp-content\/uploads\/2020\/10\/1-FSECRETO-300x225.png\" alt=\"\" width=\"207\" height=\"155\" srcset=\"https:\/\/fuegosecreto.com\/wp-content\/uploads\/2020\/10\/1-FSECRETO-300x225.png 300w, https:\/\/fuegosecreto.com\/wp-content\/uploads\/2020\/10\/1-FSECRETO-1024x768.png 1024w, https:\/\/fuegosecreto.com\/wp-content\/uploads\/2020\/10\/1-FSECRETO-768x576.png 768w, https:\/\/fuegosecreto.com\/wp-content\/uploads\/2020\/10\/1-FSECRETO-1536x1151.png 1536w, https:\/\/fuegosecreto.com\/wp-content\/uploads\/2020\/10\/1-FSECRETO-2048x1535.png 2048w\" sizes=\"auto, (max-width: 207px) 100vw, 207px\" \/><\/a>\r\n\r\n<!-- \/wp:post-content -->","protected":false},"excerpt":{"rendered":"<p>No abr\u00e1is este libro a menos que se\u00e1is capaces de enfrentaros con vuestros propios miedos, esos que se esconden debajo de la cama, en el espejo o en el libro de matem\u00e1ticas. \u00a1Aquellos que no tengan af\u00e1n de aventuras est\u00e1n advertidos! Que busquen otro libro m\u00e1s tranquilo. En este, tres misteriosos profesores reclutan a un grupo de ni\u00f1os para salvar al mundo del mal. Su misi\u00f3n: encerrar los miedos en los libros y devolver el Fuego Secreto a la humanidad. En estas p\u00e1ginas no encontrar\u00e9is vampiros rom\u00e1nticos, brujas simp\u00e1ticas y trolls adorables. Aqu\u00ed los malos son mal\u00edsimos y los buenos\u2026 en fin, hacen lo que pueden. N\u00e3o h\u00e1 d\u00favida de que o co-criado on-line leon casino mudou completamente a ind\u00fastria de jogos de azar e forneceu aos jogadores uma maneira confort\u00e1vel e emocionante de aproveitar seus jogos favoritos no cassino da casa conforto As\u00ed que ya sab\u00e9is. Si a pesar de mis advertencias os atrev\u00e9is a seguir adelante, sacad vuestra espada de madera y preparaos para luchar. Los oscuros ya est\u00e1n cerca\u2026 Diego Blanco<\/p>\n","protected":false},"author":2,"featured_media":0,"parent":0,"menu_order":0,"comment_status":"closed","ping_status":"closed","template":"","meta":{"footnotes":""},"class_list":["post-11","page","type-page","status-publish","hentry"],"_links":{"self":[{"href":"https:\/\/fuegosecreto.com\/index.php?rest_route=\/wp\/v2\/pages\/11","targetHints":{"allow":["GET"]}}],"collection":[{"href":"https:\/\/fuegosecreto.com\/index.php?rest_route=\/wp\/v2\/pages"}],"about":[{"href":"https:\/\/fuegosecreto.com\/index.php?rest_route=\/wp\/v2\/types\/page"}],"author":[{"embeddable":true,"href":"https:\/\/fuegosecreto.com\/index.php?rest_route=\/wp\/v2\/users\/2"}],"replies":[{"embeddable":true,"href":"https:\/\/fuegosecreto.com\/index.php?rest_route=%2Fwp%2Fv2%2Fcomments&post=11"}],"version-history":[{"count":17,"href":"https:\/\/fuegosecreto.com\/index.php?rest_route=\/wp\/v2\/pages\/11\/revisions"}],"predecessor-version":[{"id":2218,"href":"https:\/\/fuegosecreto.com\/index.php?rest_route=\/wp\/v2\/pages\/11\/revisions\/2218"}],"wp:attachment":[{"href":"https:\/\/fuegosecreto.com\/index.php?rest_route=%2Fwp%2Fv2%2Fmedia&parent=11"}],"curies":[{"name":"wp","href":"https:\/\/api.w.org\/{rel}","templated":true}]}}